{"id":766,"date":"2010-09-05T13:04:24","date_gmt":"2010-09-05T16:04:24","guid":{"rendered":"https:\/\/devkico.itexto.com.br\/?page_id=766"},"modified":"2018-01-17T16:54:57","modified_gmt":"2018-01-17T19:54:57","slug":"o-essencial-de-devkico","status":"publish","type":"page","link":"https:\/\/devkico.itexto.com.br\/?page_id=766","title":{"rendered":"O essencial de \/dev\/Kico"},"content":{"rendered":"<p>Nesta p\u00e1gina encontram-se os meus posts que considero mais importantes. H\u00e1 pouca tecnicidade aqui. No geral, s\u00e3o quest\u00f5es que adoro discutir e que est\u00e3o sempre <strong>muito<\/strong> presentes no meu dia a dia. Quest\u00f5es estas que adoraria continuar discutindo com voc\u00eas.<\/p>\n<p>Espero que gostem da minha &#8220;pequena&#8221; sele\u00e7\u00e3o.<\/p>\n<h2>Livros<\/h2>\n<p>Todo ano publico aqui os livros que mais me impressionaram no per\u00edodo. Achei que seria interessante compartilhar estes links aqui para que voc\u00eas possam ter uma no\u00e7\u00e3o de para onde caminham minhas leituras.<\/p>\n<p><a href=\"https:\/\/devkico.itexto.com.br\/?p=2718\">Minhas boas leituras de 2017<\/a><br \/>\n<a href=\"https:\/\/devkico.itexto.com.br\/?p=2572\">Minhas boas leituras de 2016<\/a><br \/>\n<a href=\"https:\/\/devkico.itexto.com.br\/?p=2324\">Minhas boas leituras de 2015<\/a><br \/>\n<a href=\"https:\/\/devkico.itexto.com.br\/?p=2087\">Minhas boas leituras de 2014<\/a><br \/>\n<a href=\"https:\/\/devkico.itexto.com.br\/?p=1685\">Minhas boas leituras de 2013<\/a><br \/>\n<a href=\"https:\/\/devkico.itexto.com.br\/?p=1286\">Minhas boas leituras de 2012<\/a><br \/>\n<a href=\"https:\/\/devkico.itexto.com.br\/?p=1057\">Minhas boas leituras de 2011<\/a><\/p>\n<h2><strong>A quest\u00e3o do valor<\/strong><\/h2>\n<p>Um assunto que pretendo tratar com muita \u00eanfase a partir deste final de 2012. Me choca o qu\u00e3o ignorado \u00e9 este tema por aqueles que trabalham com TI, sendo assim esta ser\u00e1 minha contribui\u00e7\u00e3o.<\/p>\n<p><a href=\"https:\/\/devkico.itexto.com.br\/?p=2695\">Qualquer um pode programar?<\/a> &#8211; por que esta hist\u00f3ria, ao menos pra mim, soa como um puta desrespeito \u00e0 nossa profiss\u00e3o.<\/p>\n<p><a href=\"https:\/\/devkico.itexto.com.br\/?p=1148\">O Valor, o Hype e o Hypista no desenvolvimento de software<\/a> &#8211; Aonde exponho meu conceito de <strong>valor<\/strong> em nossa \u00e1rea.<\/p>\n<p><a href=\"https:\/\/devkico.itexto.com.br\/?p=1389\">A curiosa hist\u00f3ria da f\u00e1brica de software<\/a> &#8211; A verdade \u00e9 que o que chamamos de f\u00e1brica de sotware pode n\u00e3o ser uma f\u00e1brica de software<\/p>\n<p><a href=\"https:\/\/devkico.itexto.com.br\/?p=1403\">O porqu\u00ea de startups me incomodarem<\/a> &#8211; Entendendo que o valor de uma startup nem sempre \u00e9 gerado para seus fundadores, mas para quem as incentiva.<\/p>\n<p><a href=\"https:\/\/devkico.itexto.com.br\/?p=2106\">O que \u00e9 legado?<\/a> &#8211; Buscando uma defini\u00e7\u00e3o do termo legado, aonde o valor existe mas muitas vezes \u00e9 ignorado.<\/p>\n<h2><strong>Ass\u00e9dio moral<\/strong><\/h2>\n<p>Minha monografia de conclus\u00e3o de curso foi sobre o tema &#8220;ass\u00e9dio moral em f\u00e1bricas de software&#8221;, assunto este que iniciou uma aventura acad\u00eamica da qual n\u00e3o pretendo me separar t\u00e3o cedo. Abaixo est\u00e3o alguns links sobre este problema que, infelizmente, ainda \u00e9 um tabu em nossa \u00e1rea.<\/p>\n<p><a href=\"https:\/\/devkico.itexto.com.br\/?p=1385\">Ass\u00e9dio Moral em TI: f\u00e1bricas de software<\/a> &#8211; A vers\u00e3o mais &#8220;palat\u00e1vel&#8221; da minha monografia<\/p>\n<p><a href=\"https:\/\/devkico.itexto.com.br\/?p=1346\">Dano e ass\u00e9dio moral em TI: o ass\u00e9dio<\/a> &#8211; O que v\u00eam a ser o ass\u00e9dio moral pr\u00f3priamente dito<\/p>\n<p><a href=\"https:\/\/devkico.itexto.com.br\/?p=1306\">Dano e ass\u00e9dio moral em TI: o dano<\/a> &#8211; O que \u00e9 dano moral: importante para que voc\u00ea n\u00e3o confunda com o ass\u00e9dio<\/p>\n<p><a href=\"https:\/\/devkico.itexto.com.br\/?p=1369\">Desenvolvendo com armas secretas<\/a> &#8211; Como o uso de tecnologias que n\u00e3o sejam mainstream podem te agregar valor<\/p>\n<h2><strong>Conviv\u00eancia<\/strong><\/h2>\n<p><a href=\"https:\/\/devkico.itexto.com.br\/?p=2520\">Eu e o empreendedorismo de palco<\/a> &#8211; como est\u00e3o destruindo algo vital para nosso pa\u00eds: o empreendedorismo a partir da sua ridiculariza\u00e7\u00e3o.<\/p>\n<p><a title=\"Cilada: a f\u00e1brica de doces e o desenvolvedor infantil\" href=\"https:\/\/devkico.itexto.com.br\/?p=1460\">Cilada: a f\u00e1brica de doces e o desenvolvedor infantil<\/a> &#8211; estar\u00edamos infantilizando nossos profissionais?<\/p>\n<p><a href=\"https:\/\/devkico.itexto.com.br\/?p=983\">Armadilhas para desenvolvedores: os exploradores<\/a> &#8211; um cl\u00e1ssico acidental: meu desabafo a respeito de uma parcela bem desagrad\u00e1vel da &#8220;popula\u00e7\u00e3o empreendedora&#8221;<\/p>\n<p><a href=\"https:\/\/devkico.itexto.com.br\/?p=970\">Armadilhas para desenvolvedores: a s\u00edndrome do conhecimento imediato<\/a> &#8211; como desastres s\u00e3o construidos acidentalmente<\/p>\n<p><a title=\"Permanent Link to A TI (em empresas grandes) vive na caverna (shh! ela ainda n\u00e3o sabe disto!!!)\" href=\"https:\/\/devkico.itexto.com.br\/?p=273\" rel=\"bookmark\">A TI (em empresas grandes) vive na caverna (shh! ela ainda n\u00e3o sabe disto!!!)<\/a> &#8211; como o mito da Caverna de Plat\u00e3o muitas vezes se aplica \u00e0 TI<\/p>\n<p><a title=\"Permanent Link to A express\u00e3o \u201ceu n\u00e3o soube me expressar direito\u201d \u00e9 v\u00e1lida?\" href=\"https:\/\/devkico.itexto.com.br\/?p=260\" rel=\"bookmark\">A express\u00e3o \u201ceu n\u00e3o soube me expressar direito\u201d \u00e9 v\u00e1lida?<\/a> &#8211; Por que este papo de &#8220;eu n\u00e3o sobe me expressar direito&#8221; \u00e9 uma balela<\/p>\n<p><a title=\"Permanent Link to Armadilhas para desenvolvedores: s\u00edndrome de Bill Gates\" href=\"https:\/\/devkico.itexto.com.br\/?p=309\" rel=\"bookmark\">Armadilhas para desenvolvedores: s\u00edndrome de Bill Gates<\/a> &#8211; A cruel ilus\u00e3o do empreendorismo f\u00e1cil<\/p>\n<p><a title=\"Permanent Link to A Dial\u00e9tica do SPAM\" href=\"https:\/\/devkico.itexto.com.br\/?p=251\" rel=\"bookmark\">A Dial\u00e9tica do SPAM<\/a> &#8211; A raz\u00e3o pela qual o SPAM n\u00e3o funciona (escrevi isto em 2001)<\/p>\n<p><a title=\"Permanent Link to Pascal e o nerd tiraninho\" href=\"https:\/\/devkico.itexto.com.br\/?p=596\" rel=\"bookmark\">Pascal e o nerd tiraninho<\/a> &#8211; O problema da &#8220;tirania nerd&#8221;<\/p>\n<p><a title=\"Maquiavel e os palpiteiros da TI\" href=\"https:\/\/devkico.itexto.com.br\/?p=823\">Maquiavel e os palpiteiros da TI<\/a> &#8211; O que Maquiavel nos diz sobre um problema t\u00e3o comum em nossa (e todas) \u00e1rea<\/p>\n<h2><strong>A quest\u00e3o do determinismo lingu\u00edstico<\/strong><\/h2>\n<p><a title=\"Permanent Link to Uma linguagem de programa\u00e7\u00e3o pode te tornar estupido?\" href=\"https:\/\/devkico.itexto.com.br\/?p=172\" rel=\"bookmark\">Uma linguagem de programa\u00e7\u00e3o pode te tornar estupido?<\/a> &#8211; como uma linguagem de programa\u00e7\u00e3o pode nos limitar intelectualmente<\/p>\n<p><a title=\"Permanent Link to Armadilhas para desenvolvedores (ou, o que o tornar\u00e1 mais um idiota)\" href=\"https:\/\/devkico.itexto.com.br\/?p=292\" rel=\"bookmark\">Armadilhas para desenvolvedores (ou, o que o tornar\u00e1 mais um idiota)<\/a> &#8211; como o determinismo lingu\u00edstico pode te destruir silenciosamente<\/p>\n<p><a title=\"Permanent Link to S\u00edndrome da IDE\" href=\"https:\/\/devkico.itexto.com.br\/?p=424\" rel=\"bookmark\">S\u00edndrome da IDE<\/a> &#8211; O determinismo lingu\u00edstico na pr\u00e1tica<\/p>\n<h2><strong>Software livre<\/strong><\/h2>\n<p><a href=\"https:\/\/devkico.itexto.com.br\/?p=999\">Hern\u00e1n Cort\u00e9s e o Software Livre<\/a> &#8211; por que eu tenho medo do software livre no futuro ser simplesmente aniquilado<\/p>\n<p><a title=\"Permanent Link to \u201cWindows 2008 Server est\u00e1 fabuloso! Est\u00e1 igualzinho o Linux!\u201d (ou por que software livre importa)\" href=\"https:\/\/devkico.itexto.com.br\/?p=190\" rel=\"bookmark\">\u201cWindows 2008 Server est\u00e1 fabuloso! Est\u00e1 igualzinho o Linux!\u201d (ou por que software livre importa)<\/a> &#8211; Por que software livre REALMENTE importa<\/p>\n<p><a title=\"Permanent Link to Sabendo hist\u00f3ria, Microsoft vira carta FORA do baralho \u2013 (LINQ to SQL entra na lista)\" href=\"https:\/\/devkico.itexto.com.br\/?p=145\" rel=\"bookmark\">Sabendo hist\u00f3ria, Microsoft vira carta FORA do baralho \u2013 (LINQ to SQL entra na lista)<\/a> &#8211; Por que Microsoft a m\u00e9dio e longo prazo costuma ser cilada (mas de uns tempos pra c\u00e1 come\u00e7aram a mostrar sinais de melhora)<\/p>\n<h2><strong>O problema do aprendizado<\/strong><\/h2>\n<p><a href=\"https:\/\/devkico.itexto.com.br\/?p=2608\">Stack Overflow pode te emburrecer?<\/a> &#8211; eu acho que sim.<\/p>\n<p><a href=\"https:\/\/devkico.itexto.com.br\/?p=2555\">Leitura: modo de usar<\/a> &#8211; ser\u00e1 que realmente sabemos ler? O que a leitura nos agrega e por que jamais poder\u00e1 ser substitu\u00edda pelo audiovisual.<\/p>\n<p><a href=\"https:\/\/devkico.itexto.com.br\/?p=2539\">Minhas m\u00e1s leituras de 2016<\/a> &#8211; o que pode tornar um livro t\u00e9cnico algo intrag\u00e1vel.<\/p>\n<p><a href=\"https:\/\/devkico.itexto.com.br\/?p=2544\">Eu e os livros t\u00e9cnicos: muito exigente?<\/a> &#8211; continua\u00e7\u00e3o do post acima, no qual exponho algumas fal\u00e1cias e covardias que envolvem o ambiente editorial.<\/p>\n<p><a title=\"Permanent Link to Voc\u00ea REALMENTE acha que vai aprender assim?\" href=\"https:\/\/devkico.itexto.com.br\/?p=728\" rel=\"bookmark\">Voc\u00ea REALMENTE acha que vai aprender assim?<\/a> &#8211; armadilhas com as quais me deparo no processo de aprendizado (h\u00e1 uma discuss\u00e3o MUITO interessante envolvendo frequentadores do blog)<\/p>\n<p><a href=\"https:\/\/devkico.itexto.com.br\/?p=953\">Armadilhas para desenvolvedores: a s\u00edndrome do contato alien\u00edgena<\/a> &#8211; uma teoria na qual venho trabalhando atualmente tentando explicar o p\u00e2nico causado pelo contato com novas tecnologias<\/p>\n<h2>&#8220;Legado&#8221; &#8211; c\u00f3digo pr\u00e9-existente<\/h2>\n<p>Para minha surpresa as pessoas levaram muito a s\u00e9rio as coisas que escrevo sobre estes temas, sendo assim, seguem os dois textos importantes deste blog sobre o assunto.<\/p>\n<p><a href=\"https:\/\/devkico.itexto.com.br\/?p=2073\">C\u00f3digo legado: um exerc\u00edcio de arqueologia e compaix\u00e3o<\/a> &#8211; aonde exponho algumas das minhas t\u00e9cnicas aplicadas a este exerc\u00edcio.<\/p>\n<p>Depois busquei uma melhor defini\u00e7\u00e3o do pr\u00f3prio termo &#8220;legado&#8221;, ent\u00e3o veio minha primeira tentativa<\/p>\n<p><a href=\"https:\/\/devkico.itexto.com.br\/?p=2106\">O que \u00e9 legado<\/a> &#8211; esta foi minha primeira tentativa de busca por uma defini\u00e7\u00e3o. Mas ainda n\u00e3o estava 100%, ent\u00e3o<\/p>\n<p><a href=\"https:\/\/devkico.itexto.com.br\/?p=2475\">&#8220;Legado&#8221; \u00e9 um termo maldito<\/a> &#8211; pronto: aqui cheguei a uma defini\u00e7\u00e3o melhor.<\/p>\n<p>Depois destes textos palestrei duas vezes sobre isto. A primeira vez foi na QCon Rio 2015 (mas n\u00e3o liberaram o v\u00eddeo), e a segunda no DevCamp 2016, para este liberaram o v\u00eddeo, que voc\u00ea pode assistir <a href=\"https:\/\/devkico.itexto.com.br\/?p=2532\">aqui<\/a>.<\/p>\n<p><a href=\"https:\/\/devkico.itexto.com.br\/?p=2490\">Quando um coment\u00e1rio realmente documenta o c\u00f3digo<\/a> &#8211; uma das t\u00e9cnicas que uso com c\u00f3digo legado \u00e9 justamente os coment\u00e1rios.<\/p>\n<h2><strong>Tecnologias que muitos ignoram<\/strong><\/h2>\n<p><a title=\"Permanent Link to Alguns fatos bem interessantes sobre LISP\" href=\"https:\/\/devkico.itexto.com.br\/?p=163\" rel=\"bookmark\">Alguns fatos bem interessantes sobre LISP<\/a> &#8211; LISP sempre foi minha paix\u00e3o original<\/p>\n<p><a title=\"Permanent Link to Alguns fatos bem interessantes (quase chocantes) sobre COBOL\" href=\"https:\/\/devkico.itexto.com.br\/?p=135\" rel=\"bookmark\">Alguns fatos bem interessantes (quase chocantes) sobre COBOL<\/a> &#8211; Um gigante cujo tamanho a maior parte dos profissionais de TI mais novos simplesmente ignora<\/p>\n<p><a title=\"Permanent Link to Firebird SQL: por que t\u00e3o impopular? (e como melhorar a situa\u00e7\u00e3o)\" href=\"https:\/\/devkico.itexto.com.br\/?p=395\" rel=\"bookmark\">Firebird SQL: por que t\u00e3o impopular?<\/a>&#8211; At\u00e9 hoje este post gera muita controv\u00e9rsia<\/p>\n<p><a href=\"https:\/\/devkico.itexto.com.br\/?p=2196\">Armas secretas: AWK<\/a> &#8211; Uma linguagem de quase 40 anos, pooderos\u00edssima e que quase todo mundo ignora.<\/p>\n<h2><strong>NoSQL<\/strong><\/h2>\n<p><a href=\"https:\/\/devkico.itexto.com.br\/?p=682\">Introdu\u00e7\u00e3o ao MongoDB: um banco de dados NoSQL<\/a> &#8211; Neste post eu exponho o racioc\u00ednio b\u00e1sico por tr\u00e1s do uso do MongoDB<\/p>\n<p><a href=\"https:\/\/devkico.itexto.com.br\/?p=706\">Primeiros passos com MongoDB: manipulando documentos<\/a>&#8211; A parte pr\u00e1tica do que exponho no post anterior<\/p>\n<h2><strong>Groovy e Grails<\/strong><\/h2>\n<p><a title=\"O valor social de Groovy e Grails\" href=\"https:\/\/devkico.itexto.com.br\/?p=1632\">O valor social de Groovy e Grails<\/a> &#8211; por que estas tecnologias realmente me interessam.<\/p>\n<p><a href=\"http:\/\/videograils.itexto.com.br\">Guia em v\u00eddeo de Grails<\/a> &#8211; o remake do meu antigo curso de Grails pela DevMedia<\/p>\n<p><a href=\"http:\/\/guiagrails.itexto.com.br\">Guia Grails<\/a> &#8211; Tudo (ou quase) relativo a Grails neste blog est\u00e1 listado nesta p\u00e1gina<\/p>\n<p><a href=\"https:\/\/devkico.itexto.com.br\/?p=739\">Como uso Grails<\/a> &#8211; Por que gosto do meu Grails bem &#8220;mutiladinho&#8221;<\/p>\n<p><a title=\"Permanent Link to O que \u00e9 Grails e como ele salva a plataforma JEE (al\u00e9m de lhe evitar o t\u00e9dio)?\" href=\"https:\/\/devkico.itexto.com.br\/?p=224\" rel=\"bookmark\">O que \u00e9 Grails e como ele salva a plataforma JEE (al\u00e9m de lhe evitar o t\u00e9dio)?<\/a> &#8211; A raz\u00e3o por tr\u00e1s da import\u00e2ncia REAL do Grails<\/p>\n<h2><strong>Spring<\/strong><\/h2>\n<p>Meu livro sobre Spring: \u00a0<a href=\"http:\/\/www.casadocodigo.com.br\/products\/spring\">Vire o Jogo com Spring Framework<\/a>!<\/p>\n<p><a href=\"https:\/\/devkico.itexto.com.br\/?p=1131\">Bibliografia Spring Comentada<\/a> &#8211; Coment\u00e1rios sobre alguns dos textos b\u00e1sicos que usei na escrita do meu livro &#8220;<a href=\"http:\/\/www.casadocodigo.com.br\/products\/spring\">Vire o Jogo com Spring Framework<\/a>&#8221; pela editora Casa do C\u00f3digo<\/p>\n<p><a href=\"https:\/\/devkico.itexto.com.br\/?p=859\">Guia itexto: o container de inje\u00e7\u00e3o de depend\u00eancias do Spring<\/a> &#8211; O guia que acabou dando origem ao meu livro. Para voc\u00ea que quer entender o que v\u00eam a ser a tal da inje\u00e7\u00e3o de depend\u00eancias, invers\u00e3o de controle, etc.<\/p>\n","protected":false},"excerpt":{"rendered":"<p>Nesta p\u00e1gina encontram-se os meus posts que considero mais importantes. H\u00e1 pouca tecnicidade aqui. No geral, s\u00e3o quest\u00f5es que adoro discutir e que est\u00e3o sempre muito presentes no meu dia a dia. Quest\u00f5es estas que adoraria continuar discutindo com voc\u00eas. Espero que gostem da minha &#8220;pequena&#8221; sele\u00e7\u00e3o. Livros Todo ano publico aqui os livros que [&hellip;]<\/p>\n","protected":false},"author":1,"featured_media":0,"parent":0,"menu_order":0,"comment_status":"open","ping_status":"open","template":"","meta":{"_coblocks_attr":"","_coblocks_dimensions":"","_coblocks_responsive_height":"","_coblocks_accordion_ie_support":"","site-sidebar-layout":"default","site-content-layout":"","ast-site-content-layout":"","site-content-style":"default","site-sidebar-style":"default","ast-global-header-display":"","ast-banner-title-visibility":"","ast-main-header-display":"","ast-hfb-above-header-display":"","ast-hfb-below-header-display":"","ast-hfb-mobile-header-display":"","site-post-title":"","ast-breadcrumbs-content":"","ast-featured-img":"","footer-sml-layout":"","theme-transparent-header-meta":"","adv-header-id-meta":"","stick-header-meta":"","header-above-stick-meta":"","header-main-stick-meta":"","header-below-stick-meta":"","astra-migrate-meta-layouts":"default","ast-page-background-enabled":"default","ast-page-background-meta":{"desktop":{"background-color":"var(--ast-global-color-4)","background-image":"","background-repeat":"repeat","background-position":"center center","background-size":"auto","background-attachment":"scroll","background-type":"","background-media":"","overlay-type":"","overlay-color":"","overlay-gradient":""},"tablet":{"background-color":"","background-image":"","background-repeat":"repeat","background-position":"center center","background-size":"auto","background-attachment":"scroll","background-type":"","background-media":"","overlay-type":"","overlay-color":"","overlay-gradient":""},"mobile":{"background-color":"","background-image":"","background-repeat":"repeat","background-position":"center center","background-size":"auto","background-attachment":"scroll","background-type":"","background-media":"","overlay-type":"","overlay-color":"","overlay-gradient":""}},"ast-content-background-meta":{"desktop":{"background-color":"var(--ast-global-color-5)","background-image":"","background-repeat":"repeat","background-position":"center center","background-size":"auto","background-attachment":"scroll","background-type":"","background-media":"","overlay-type":"","overlay-color":"","overlay-gradient":""},"tablet":{"background-color":"var(--ast-global-color-5)","background-image":"","background-repeat":"repeat","background-position":"center center","background-size":"auto","background-attachment":"scroll","background-type":"","background-media":"","overlay-type":"","overlay-color":"","overlay-gradient":""},"mobile":{"background-color":"var(--ast-global-color-5)","background-image":"","background-repeat":"repeat","background-position":"center center","background-size":"auto","background-attachment":"scroll","background-type":"","background-media":"","overlay-type":"","overlay-color":"","overlay-gradient":""}},"jetpack_post_was_ever_published":false,"footnotes":""},"class_list":["post-766","page","type-page","status-publish","hentry"],"yoast_head":"<!-- This site is optimized with the Yoast SEO plugin v22.8 - https:\/\/yoast.com\/wordpress\/plugins\/seo\/ -->\n<title>O essencial de \/dev\/Kico - \/dev\/Kico<\/title>\n<meta name=\"robots\" content=\"index, follow, max-snippet:-1, max-image-preview:large, max-video-preview:-1\" \/>\n<link rel=\"canonical\" href=\"https:\/\/devkico.itexto.com.br\/?page_id=766\" \/>\n<meta property=\"og:locale\" content=\"pt_BR\" \/>\n<meta property=\"og:type\" content=\"article\" \/>\n<meta property=\"og:title\" content=\"O essencial de \/dev\/Kico - \/dev\/Kico\" \/>\n<meta property=\"og:description\" content=\"Nesta p\u00e1gina encontram-se os meus posts que considero mais importantes. H\u00e1 pouca tecnicidade aqui. No geral, s\u00e3o quest\u00f5es que adoro discutir e que est\u00e3o sempre muito presentes no meu dia a dia. Quest\u00f5es estas que adoraria continuar discutindo com voc\u00eas. Espero que gostem da minha &#8220;pequena&#8221; sele\u00e7\u00e3o. Livros Todo ano publico aqui os livros que [&hellip;]\" \/>\n<meta property=\"og:url\" content=\"https:\/\/devkico.itexto.com.br\/?page_id=766\" \/>\n<meta property=\"og:site_name\" content=\"\/dev\/Kico\" \/>\n<meta property=\"article:modified_time\" content=\"2018-01-17T19:54:57+00:00\" \/>\n<meta name=\"twitter:card\" content=\"summary_large_image\" \/>\n<meta name=\"twitter:label1\" content=\"Est. tempo de leitura\" \/>\n\t<meta name=\"twitter:data1\" content=\"7 minutos\" \/>\n<script type=\"application\/ld+json\" class=\"yoast-schema-graph\">{\"@context\":\"https:\/\/schema.org\",\"@graph\":[{\"@type\":\"WebPage\",\"@id\":\"https:\/\/devkico.itexto.com.br\/?page_id=766\",\"url\":\"https:\/\/devkico.itexto.com.br\/?page_id=766\",\"name\":\"O essencial de \/dev\/Kico - \/dev\/Kico\",\"isPartOf\":{\"@id\":\"https:\/\/devkico.itexto.com.br\/#website\"},\"datePublished\":\"2010-09-05T16:04:24+00:00\",\"dateModified\":\"2018-01-17T19:54:57+00:00\",\"breadcrumb\":{\"@id\":\"https:\/\/devkico.itexto.com.br\/?page_id=766#breadcrumb\"},\"inLanguage\":\"pt-BR\",\"potentialAction\":[{\"@type\":\"ReadAction\",\"target\":[\"https:\/\/devkico.itexto.com.br\/?page_id=766\"]}]},{\"@type\":\"BreadcrumbList\",\"@id\":\"https:\/\/devkico.itexto.com.br\/?page_id=766#breadcrumb\",\"itemListElement\":[{\"@type\":\"ListItem\",\"position\":1,\"name\":\"Home\",\"item\":\"https:\/\/devkico.itexto.com.br\/\"},{\"@type\":\"ListItem\",\"position\":2,\"name\":\"O essencial de \/dev\/Kico\"}]},{\"@type\":\"WebSite\",\"@id\":\"https:\/\/devkico.itexto.com.br\/#website\",\"url\":\"https:\/\/devkico.itexto.com.br\/\",\"name\":\"\/dev\/Kico\",\"description\":\"Desenvolvendo software\",\"potentialAction\":[{\"@type\":\"SearchAction\",\"target\":{\"@type\":\"EntryPoint\",\"urlTemplate\":\"https:\/\/devkico.itexto.com.br\/?s={search_term_string}\"},\"query-input\":\"required name=search_term_string\"}],\"inLanguage\":\"pt-BR\"}]}<\/script>\n<!-- \/ Yoast SEO plugin. -->","yoast_head_json":{"title":"O essencial de \/dev\/Kico - \/dev\/Kico","robots":{"index":"index","follow":"follow","max-snippet":"max-snippet:-1","max-image-preview":"max-image-preview:large","max-video-preview":"max-video-preview:-1"},"canonical":"https:\/\/devkico.itexto.com.br\/?page_id=766","og_locale":"pt_BR","og_type":"article","og_title":"O essencial de \/dev\/Kico - \/dev\/Kico","og_description":"Nesta p\u00e1gina encontram-se os meus posts que considero mais importantes. H\u00e1 pouca tecnicidade aqui. No geral, s\u00e3o quest\u00f5es que adoro discutir e que est\u00e3o sempre muito presentes no meu dia a dia. Quest\u00f5es estas que adoraria continuar discutindo com voc\u00eas. Espero que gostem da minha &#8220;pequena&#8221; sele\u00e7\u00e3o. Livros Todo ano publico aqui os livros que [&hellip;]","og_url":"https:\/\/devkico.itexto.com.br\/?page_id=766","og_site_name":"\/dev\/Kico","article_modified_time":"2018-01-17T19:54:57+00:00","twitter_card":"summary_large_image","twitter_misc":{"Est. tempo de leitura":"7 minutos"},"schema":{"@context":"https:\/\/schema.org","@graph":[{"@type":"WebPage","@id":"https:\/\/devkico.itexto.com.br\/?page_id=766","url":"https:\/\/devkico.itexto.com.br\/?page_id=766","name":"O essencial de \/dev\/Kico - \/dev\/Kico","isPartOf":{"@id":"https:\/\/devkico.itexto.com.br\/#website"},"datePublished":"2010-09-05T16:04:24+00:00","dateModified":"2018-01-17T19:54:57+00:00","breadcrumb":{"@id":"https:\/\/devkico.itexto.com.br\/?page_id=766#breadcrumb"},"inLanguage":"pt-BR","potentialAction":[{"@type":"ReadAction","target":["https:\/\/devkico.itexto.com.br\/?page_id=766"]}]},{"@type":"BreadcrumbList","@id":"https:\/\/devkico.itexto.com.br\/?page_id=766#breadcrumb","itemListElement":[{"@type":"ListItem","position":1,"name":"Home","item":"https:\/\/devkico.itexto.com.br\/"},{"@type":"ListItem","position":2,"name":"O essencial de \/dev\/Kico"}]},{"@type":"WebSite","@id":"https:\/\/devkico.itexto.com.br\/#website","url":"https:\/\/devkico.itexto.com.br\/","name":"\/dev\/Kico","description":"Desenvolvendo software","potentialAction":[{"@type":"SearchAction","target":{"@type":"EntryPoint","urlTemplate":"https:\/\/devkico.itexto.com.br\/?s={search_term_string}"},"query-input":"required name=search_term_string"}],"inLanguage":"pt-BR"}]}},"jetpack-related-posts":[],"jetpack_sharing_enabled":true,"jetpack_likes_enabled":true,"_links":{"self":[{"href":"https:\/\/devkico.itexto.com.br\/index.php?rest_route=\/wp\/v2\/pages\/766"}],"collection":[{"href":"https:\/\/devkico.itexto.com.br\/index.php?rest_route=\/wp\/v2\/pages"}],"about":[{"href":"https:\/\/devkico.itexto.com.br\/index.php?rest_route=\/wp\/v2\/types\/page"}],"author":[{"embeddable":true,"href":"https:\/\/devkico.itexto.com.br\/index.php?rest_route=\/wp\/v2\/users\/1"}],"replies":[{"embeddable":true,"href":"https:\/\/devkico.itexto.com.br\/index.php?rest_route=%2Fwp%2Fv2%2Fcomments&post=766"}],"version-history":[{"count":14,"href":"https:\/\/devkico.itexto.com.br\/index.php?rest_route=\/wp\/v2\/pages\/766\/revisions"}],"predecessor-version":[{"id":2730,"href":"https:\/\/devkico.itexto.com.br\/index.php?rest_route=\/wp\/v2\/pages\/766\/revisions\/2730"}],"wp:attachment":[{"href":"https:\/\/devkico.itexto.com.br\/index.php?rest_route=%2Fwp%2Fv2%2Fmedia&parent=766"}],"curies":[{"name":"wp","href":"https:\/\/api.w.org\/{rel}","templated":true}]}}